{"id":10,"date":"2025-09-24T09:11:39","date_gmt":"2025-09-24T09:11:39","guid":{"rendered":"https:\/\/bimanimacio.hu\/?page_id=10"},"modified":"2025-11-20T18:51:26","modified_gmt":"2025-11-20T18:51:26","slug":"fooldal","status":"publish","type":"page","link":"https:\/\/bimanimacio.hu\/","title":{"rendered":"F\u0151oldal"},"content":{"rendered":"\t\t<div data-elementor-type=\"wp-page\" data-elementor-id=\"10\" class=\"elementor elementor-10\">\n\t\t\t\t<div class=\"elementor-element elementor-element-ccf7840 e-con-full e-flex e-con e-parent\" data-id=\"ccf7840\" data-element_type=\"container\" data-settings=\"{&quot;background_background&quot;:&quot;classic&quot;}\">\n\t\t\t\t<div class=\"elementor-element elementor-element-0920846 elementor-widget elementor-widget-image\" data-id=\"0920846\" data-element_type=\"widget\" data-widget_type=\"image.default\">\n\t\t\t\t\t\t\t\t\t\t\t\t\t\t\t\t<a href=\"https:\/\/bimanimacio.hu\/\">\n\t\t\t\t\t\t\t<img fetchpriority=\"high\" decoding=\"async\" width=\"750\" height=\"404\" src=\"https:\/\/bimanimacio.hu\/wp-content\/uploads\/2025\/09\/BIM-Anima\u0301cio\u0301_logo-e1763663797971.png\" class=\"attachment-large size-large wp-image-129\" alt=\"\" srcset=\"https:\/\/bimanimacio.hu\/wp-content\/uploads\/2025\/09\/BIM-Anima\u0301cio\u0301_logo-e1763663797971.png 750w, https:\/\/bimanimacio.hu\/wp-content\/uploads\/2025\/09\/BIM-Anima\u0301cio\u0301_logo-e1763663797971-300x162.png 300w\" sizes=\"(max-width: 750px) 100vw, 750px\" \/>\t\t\t\t\t\t\t\t<\/a>\n\t\t\t\t\t\t\t\t\t\t\t\t\t\t\t<\/div>\n\t\t\t\t<\/div>\n\t\t<div class=\"elementor-element elementor-element-e96a8d3 e-flex e-con-boxed e-con e-parent\" data-id=\"e96a8d3\" data-element_type=\"container\" data-settings=\"{&quot;background_background&quot;:&quot;classic&quot;}\">\n\t\t\t\t\t<div class=\"e-con-inner\">\n\t\t<div class=\"elementor-element elementor-element-2901ad5 e-con-full e-flex e-con e-child\" data-id=\"2901ad5\" data-element_type=\"container\">\n\t\t\t\t<div class=\"elementor-element elementor-element-16aff5f elementor-widget elementor-widget-image\" data-id=\"16aff5f\" data-element_type=\"widget\" data-widget_type=\"image.default\">\n\t\t\t\t\t\t\t\t\t\t\t\t\t\t\t<img decoding=\"async\" width=\"800\" height=\"382\" src=\"https:\/\/bimanimacio.hu\/wp-content\/uploads\/2025\/09\/vsdffdKe\u0301pek-a-blogba-e1758807895931-1024x489.png\" class=\"attachment-large size-large wp-image-89\" alt=\"\" srcset=\"https:\/\/bimanimacio.hu\/wp-content\/uploads\/2025\/09\/vsdffdKe\u0301pek-a-blogba-e1758807895931-1024x489.png 1024w, https:\/\/bimanimacio.hu\/wp-content\/uploads\/2025\/09\/vsdffdKe\u0301pek-a-blogba-e1758807895931-300x143.png 300w, https:\/\/bimanimacio.hu\/wp-content\/uploads\/2025\/09\/vsdffdKe\u0301pek-a-blogba-e1758807895931-768x367.png 768w, https:\/\/bimanimacio.hu\/wp-content\/uploads\/2025\/09\/vsdffdKe\u0301pek-a-blogba-e1758807895931.png 1408w\" sizes=\"(max-width: 800px) 100vw, 800px\" \/>\t\t\t\t\t\t\t\t\t\t\t\t\t\t\t<\/div>\n\t\t<div class=\"elementor-element elementor-element-a72bdb8 e-con-full e-flex e-con e-child\" data-id=\"a72bdb8\" data-element_type=\"container\">\n\t\t\t\t<div class=\"elementor-element elementor-element-6e1946c elementor-widget elementor-widget-heading\" data-id=\"6e1946c\" data-element_type=\"widget\" data-widget_type=\"heading.default\">\n\t\t\t\t\t<h2 class=\"elementor-heading-title elementor-size-default\">Kik vagyunk?<\/h2>\t\t\t\t<\/div>\n\t\t\t\t<div class=\"elementor-element elementor-element-cc8435a elementor-widget elementor-widget-text-editor\" data-id=\"cc8435a\" data-element_type=\"widget\" data-widget_type=\"text-editor.default\">\n\t\t\t\t\t\t\t\t\t<p class=\"p1\">A BIM Anim\u00e1ci\u00f3 csapata a 3D modellez\u00e9s \u00e9s \u00e9p\u00edt\u00e9slogisztikai anim\u00e1ci\u00f3 \u00e9lvonal\u00e1ban dolgozik.<\/p><p class=\"p1\">Szenved\u00e9ly\u00fcnk, hogy komplex \u00e9p\u00edt\u00e9si \u00e9s gy\u00e1rt\u00e1si folyamatokat v\u00e1ltsunk vizu\u00e1lisan befogadhat\u00f3, intuit\u00edv anim\u00e1ci\u00f3kk\u00e1, olyan eszk\u00f6zz\u00e9, amely seg\u00edti a d\u00f6nt\u00e9shoz\u00f3kat, m\u00e9rn\u00f6k\u00f6ket \u00e9s projektmenedzsereket a t\u00e9rbeli \u00e9s id\u0151beli \u00f6sszef\u00fcgg\u00e9sek meg\u00e9rt\u00e9s\u00e9ben.<\/p>\t\t\t\t\t\t\t\t<\/div>\n\t\t\t\t<\/div>\n\t\t\t\t<\/div>\n\t\t\t\t\t<\/div>\n\t\t\t\t<\/div>\n\t\t<div class=\"elementor-element elementor-element-0b2cb06 e-flex e-con-boxed e-con e-parent\" data-id=\"0b2cb06\" data-element_type=\"container\" data-settings=\"{&quot;background_background&quot;:&quot;classic&quot;}\">\n\t\t\t\t\t<div class=\"e-con-inner\">\n\t\t\t\t<div class=\"elementor-element elementor-element-bc049fd elementor-widget elementor-widget-heading\" data-id=\"bc049fd\" data-element_type=\"widget\" data-widget_type=\"heading.default\">\n\t\t\t\t\t<h2 class=\"elementor-heading-title elementor-size-default\">F\u0151 ter\u00fcleteink<\/h2>\t\t\t\t<\/div>\n\t\t\t\t\t<\/div>\n\t\t\t\t<\/div>\n\t\t<div class=\"elementor-element elementor-element-4149200 e-flex e-con-boxed e-con e-parent\" data-id=\"4149200\" data-element_type=\"container\" data-settings=\"{&quot;background_background&quot;:&quot;classic&quot;}\">\n\t\t\t\t\t<div class=\"e-con-inner\">\n\t\t<div class=\"elementor-element elementor-element-c5a8937 e-con-full e-flex e-con e-child\" data-id=\"c5a8937\" data-element_type=\"container\">\n\t\t<div class=\"elementor-element elementor-element-07a35aa e-con-full e-flex e-con e-child\" data-id=\"07a35aa\" data-element_type=\"container\">\n\t\t\t\t<div class=\"elementor-element elementor-element-6d77169 elementor-widget elementor-widget-heading\" data-id=\"6d77169\" data-element_type=\"widget\" data-widget_type=\"heading.default\">\n\t\t\t\t\t<h2 class=\"elementor-heading-title elementor-size-default\">01<\/h2>\t\t\t\t<\/div>\n\t\t\t\t<\/div>\n\t\t<div class=\"elementor-element elementor-element-0e28b64 e-con-full e-flex e-con e-child\" data-id=\"0e28b64\" data-element_type=\"container\">\n\t\t\t\t<div class=\"elementor-element elementor-element-e64f15b elementor-widget elementor-widget-heading\" data-id=\"e64f15b\" data-element_type=\"widget\" data-widget_type=\"heading.default\">\n\t\t\t\t\t<h2 class=\"elementor-heading-title elementor-size-default\">\u00c9p\u00edt\u00e9slogisztikai Anim\u00e1ci\u00f3<\/h2>\t\t\t\t<\/div>\n\t\t\t\t<div class=\"elementor-element elementor-element-5e7d914 elementor-widget elementor-widget-text-editor\" data-id=\"5e7d914\" data-element_type=\"widget\" data-widget_type=\"text-editor.default\">\n\t\t\t\t\t\t\t\t\t<p>A modell seg\u00edts\u00e9g\u00e9vel m\u00e1r a kivitelez\u00e9s kezdet\u00e9t\u0151l a beruh\u00e1z\u00f3 \u00e9s a kivitelez\u00e9sben szerepl\u0151k 3D BIM modellben megtervezhetik \u00e9s l\u00e1tj\u00e1k a teljes \u00e9p\u00edt\u00e9si beruh\u00e1z\u00e1si folyamat helysz\u00edni megval\u00f3s\u00edt\u00e1s\u00e1t,\u00a0t\u00e9rben \u00e9s id\u0151ben.<\/p>\t\t\t\t\t\t\t\t<\/div>\n\t\t\t\t<\/div>\n\t\t\t\t<\/div>\n\t\t<div class=\"elementor-element elementor-element-5fbe290 e-con-full e-flex e-con e-child\" data-id=\"5fbe290\" data-element_type=\"container\">\n\t\t<div class=\"elementor-element elementor-element-e79204b e-con-full e-flex e-con e-child\" data-id=\"e79204b\" data-element_type=\"container\">\n\t\t\t\t<div class=\"elementor-element elementor-element-0ed1056 elementor-widget elementor-widget-heading\" data-id=\"0ed1056\" data-element_type=\"widget\" data-widget_type=\"heading.default\">\n\t\t\t\t\t<h2 class=\"elementor-heading-title elementor-size-default\">02<\/h2>\t\t\t\t<\/div>\n\t\t\t\t<\/div>\n\t\t<div class=\"elementor-element elementor-element-db599a6 e-con-full e-flex e-con e-child\" data-id=\"db599a6\" data-element_type=\"container\">\n\t\t\t\t<div class=\"elementor-element elementor-element-12cde38 elementor-widget elementor-widget-heading\" data-id=\"12cde38\" data-element_type=\"widget\" data-widget_type=\"heading.default\">\n\t\t\t\t\t<h2 class=\"elementor-heading-title elementor-size-default\">Gy\u00e1rt\u00e1stechnol\u00f3gia<\/h2>\t\t\t\t<\/div>\n\t\t\t\t<div class=\"elementor-element elementor-element-541c513 elementor-widget elementor-widget-text-editor\" data-id=\"541c513\" data-element_type=\"widget\" data-widget_type=\"text-editor.default\">\n\t\t\t\t\t\t\t\t\t<p>Az elk\u00e9sz\u00fclt gy\u00e1rt\u00e1si technol\u00f3gia 3D modellez\u00e9se. Emberek, g\u00e9pek, anyagok mozg\u00e1sa, helykihaszn\u00e1l\u00e1selemz\u00e9s, karbantart\u00e1si lehet\u0151s\u00e9gek t\u00e9rbeli elhelyezked\u00e9s\u00e9nek modellez\u00e9se. Az elk\u00e9sz\u00fclt 3D BIM Anim\u00e1ci\u00f3 alkalmas \u00faj munkat\u00e1rsak, \u00e9rdekl\u0151d\u0151k, \u00fczleti partnerek sz\u00e1m\u00e1ra a gy\u00e1r anim\u00e1ci\u00f3s filmen kereszt\u00fcli ismertet\u00e9s\u00e9re, m\u00e9g a beruh\u00e1z\u00e1s megkezd\u00e9se el\u0151tti m\u00e9retez\u00e9sek \u00e1ttekint\u00e9s\u00e9re.\u00a0<\/p>\t\t\t\t\t\t\t\t<\/div>\n\t\t\t\t<\/div>\n\t\t\t\t<\/div>\n\t\t\t\t\t<\/div>\n\t\t\t\t<\/div>\n\t\t<div class=\"elementor-element elementor-element-4ef5010 e-flex e-con-boxed e-con e-parent\" data-id=\"4ef5010\" data-element_type=\"container\">\n\t\t\t\t\t<div class=\"e-con-inner\">\n\t\t<div class=\"elementor-element elementor-element-307d091 e-con-full e-flex e-con e-child\" data-id=\"307d091\" data-element_type=\"container\">\n\t\t\t\t<div class=\"elementor-element elementor-element-aca2da5 elementor-widget elementor-widget-image\" data-id=\"aca2da5\" data-element_type=\"widget\" data-widget_type=\"image.default\">\n\t\t\t\t\t\t\t\t\t\t\t\t\t\t\t\t<a href=\"https:\/\/bimanimacio.hu\/index.php\/palyazat\/\">\n\t\t\t\t\t\t\t<img decoding=\"async\" width=\"800\" height=\"188\" src=\"https:\/\/bimanimacio.hu\/wp-content\/uploads\/2025\/09\/NKFIA_infoblokk_projekt_fekvo_2019_HU-1024x240.webp\" class=\"attachment-large size-large wp-image-68\" alt=\"\" srcset=\"https:\/\/bimanimacio.hu\/wp-content\/uploads\/2025\/09\/NKFIA_infoblokk_projekt_fekvo_2019_HU-1024x240.webp 1024w, https:\/\/bimanimacio.hu\/wp-content\/uploads\/2025\/09\/NKFIA_infoblokk_projekt_fekvo_2019_HU-300x70.webp 300w, https:\/\/bimanimacio.hu\/wp-content\/uploads\/2025\/09\/NKFIA_infoblokk_projekt_fekvo_2019_HU-768x180.webp 768w, https:\/\/bimanimacio.hu\/wp-content\/uploads\/2025\/09\/NKFIA_infoblokk_projekt_fekvo_2019_HU.webp 1110w\" sizes=\"(max-width: 800px) 100vw, 800px\" \/>\t\t\t\t\t\t\t\t<\/a>\n\t\t\t\t\t\t\t\t\t\t\t\t\t\t\t<\/div>\n\t\t\t\t<\/div>\n\t\t<div class=\"elementor-element elementor-element-a29bf3a e-con-full e-flex e-con e-child\" data-id=\"a29bf3a\" data-element_type=\"container\">\n\t\t\t\t<div class=\"elementor-element elementor-element-27e7654 elementor-widget elementor-widget-heading\" data-id=\"27e7654\" data-element_type=\"widget\" data-widget_type=\"heading.default\">\n\t\t\t\t\t<h2 class=\"elementor-heading-title elementor-size-default\">A BIM ANIM\u00c1CI\u00d3 Kft. a Virgo Ventures Zrt. inkub\u00e1ltjak\u00e9nt megkezdi a \u201e3D BIM Anim\u00e1ci\u00f3s Modell\u201d c\u00edm\u0171 projektj\u00e9t a Nemzeti Kutat\u00e1si, Fejleszt\u00e9si \u00e9s Innov\u00e1ci\u00f3s Hivatal \u00e1ltal meghirdetett 2023-1.1.3-STARTUP \u201eSTARTUP FACTORY 2023 felh\u00edv\u00e1s keret\u00e9ben.<\/h2>\t\t\t\t<\/div>\n\t\t\t\t<div class=\"elementor-element elementor-element-deeb571 elementor-widget elementor-widget-button\" data-id=\"deeb571\" data-element_type=\"widget\" data-widget_type=\"button.default\">\n\t\t\t\t\t\t\t\t\t\t<a class=\"elementor-button elementor-button-link elementor-size-sm\" href=\"https:\/\/bimanimacio.hu\/index.php\/palyazat\/\">\n\t\t\t\t\t\t<span class=\"elementor-button-content-wrapper\">\n\t\t\t\t\t\t\t\t\t<span class=\"elementor-button-text\">Tov\u00e1bb<\/span>\n\t\t\t\t\t<\/span>\n\t\t\t\t\t<\/a>\n\t\t\t\t\t\t\t\t<\/div>\n\t\t\t\t<\/div>\n\t\t\t\t\t<\/div>\n\t\t\t\t<\/div>\n\t\t<div class=\"elementor-element elementor-element-dbdbfdd e-flex e-con-boxed e-con e-parent\" data-id=\"dbdbfdd\" data-element_type=\"container\" data-settings=\"{&quot;background_background&quot;:&quot;classic&quot;}\">\n\t\t\t\t\t<div class=\"e-con-inner\">\n\t\t<div class=\"elementor-element elementor-element-f126020 e-con-full e-flex e-con e-child\" data-id=\"f126020\" data-element_type=\"container\">\n\t\t\t\t<div class=\"elementor-element elementor-element-28dddf3 elementor-widget elementor-widget-image\" data-id=\"28dddf3\" data-element_type=\"widget\" data-widget_type=\"image.default\">\n\t\t\t\t\t\t\t\t\t\t\t\t\t\t\t\t<a href=\"https:\/\/bimanimacio.hu\/\">\n\t\t\t\t\t\t\t<img fetchpriority=\"high\" decoding=\"async\" width=\"750\" height=\"404\" src=\"https:\/\/bimanimacio.hu\/wp-content\/uploads\/2025\/09\/BIM-Anima\u0301cio\u0301_logo-e1763663797971.png\" class=\"attachment-large size-large wp-image-129\" alt=\"\" srcset=\"https:\/\/bimanimacio.hu\/wp-content\/uploads\/2025\/09\/BIM-Anima\u0301cio\u0301_logo-e1763663797971.png 750w, https:\/\/bimanimacio.hu\/wp-content\/uploads\/2025\/09\/BIM-Anima\u0301cio\u0301_logo-e1763663797971-300x162.png 300w\" sizes=\"(max-width: 750px) 100vw, 750px\" \/>\t\t\t\t\t\t\t\t<\/a>\n\t\t\t\t\t\t\t\t\t\t\t\t\t\t\t<\/div>\n\t\t\t\t<\/div>\n\t\t<div class=\"elementor-element elementor-element-b3aefe0 e-con-full e-flex e-con e-child\" data-id=\"b3aefe0\" data-element_type=\"container\">\n\t\t\t\t<div class=\"elementor-element elementor-element-dfe8116 elementor-widget elementor-widget-google_maps\" data-id=\"dfe8116\" data-element_type=\"widget\" data-widget_type=\"google_maps.default\">\n\t\t\t\t\t\t\t<div class=\"elementor-custom-embed\">\n\t\t\t<iframe loading=\"lazy\"\n\t\t\t\t\tsrc=\"https:\/\/maps.google.com\/maps?q=1036%20Budapest%2C%20Lajos%20utca%20117.%203.%20em.%2018.%20ajt%C3%B3&#038;t=m&#038;z=15&#038;output=embed&#038;iwloc=near\"\n\t\t\t\t\ttitle=\"1036 Budapest, Lajos utca 117. 3. em. 18. ajt\u00f3\"\n\t\t\t\t\taria-label=\"1036 Budapest, Lajos utca 117. 3. em. 18. ajt\u00f3\"\n\t\t\t><\/iframe>\n\t\t<\/div>\n\t\t\t\t\t\t<\/div>\n\t\t\t\t<\/div>\n\t\t<div class=\"elementor-element elementor-element-7ee2f4f e-con-full e-flex e-con e-child\" data-id=\"7ee2f4f\" data-element_type=\"container\">\n\t\t\t\t<div class=\"elementor-element elementor-element-cf62ce7 elementor-widget elementor-widget-heading\" data-id=\"cf62ce7\" data-element_type=\"widget\" data-widget_type=\"heading.default\">\n\t\t\t\t\t<h2 class=\"elementor-heading-title elementor-size-default\">Kapcsolattart\u00f3<\/h2>\t\t\t\t<\/div>\n\t\t\t\t<div class=\"elementor-element elementor-element-ced38a0 elementor-widget elementor-widget-text-editor\" data-id=\"ced38a0\" data-element_type=\"widget\" data-widget_type=\"text-editor.default\">\n\t\t\t\t\t\t\t\t\t<h4><strong>Bajusz P\u00e9ter<\/strong><\/h4><p>\u00dcgyvezet\u0151<\/p><p><a href=\"tel:+36309991414\">+36 30 999 1414<\/a><\/p><p><a href=\"mailto:bajusz.peter@bimanimacio.hu\">bajusz.peter@bimanimacio.hu<\/a><\/p>\t\t\t\t\t\t\t\t<\/div>\n\t\t\t\t<\/div>\n\t\t\t\t\t<\/div>\n\t\t\t\t<\/div>\n\t\t\t\t<\/div>\n\t\t","protected":false},"excerpt":{"rendered":"<p>Kik vagyunk? A BIM Anim\u00e1ci\u00f3 csapata a 3D modellez\u00e9s \u00e9s \u00e9p\u00edt\u00e9slogisztikai anim\u00e1ci\u00f3 \u00e9lvonal\u00e1ban dolgozik. Szenved\u00e9ly\u00fcnk, hogy komplex \u00e9p\u00edt\u00e9si \u00e9s gy\u00e1rt\u00e1si folyamatokat v\u00e1ltsunk vizu\u00e1lisan befogadhat\u00f3, intuit\u00edv anim\u00e1ci\u00f3kk\u00e1, olyan eszk\u00f6zz\u00e9, amely seg\u00edti a d\u00f6nt\u00e9shoz\u00f3kat, m\u00e9rn\u00f6k\u00f6ket \u00e9s projektmenedzsereket a t\u00e9rbeli \u00e9s id\u0151beli \u00f6sszef\u00fcgg\u00e9sek meg\u00e9rt\u00e9s\u00e9ben. F\u0151 ter\u00fcleteink 01 \u00c9p\u00edt\u00e9slogisztikai Anim\u00e1ci\u00f3 A modell seg\u00edts\u00e9g\u00e9vel m\u00e1r a kivitelez\u00e9s kezdet\u00e9t\u0151l a beruh\u00e1z\u00f3 [&hellip;]<\/p>\n","protected":false},"author":1,"featured_media":0,"parent":0,"menu_order":0,"comment_status":"closed","ping_status":"closed","template":"elementor_canvas","meta":{"footnotes":""},"class_list":["post-10","page","type-page","status-publish","hentry"],"_links":{"self":[{"href":"https:\/\/bimanimacio.hu\/index.php\/wp-json\/wp\/v2\/pages\/10","targetHints":{"allow":["GET"]}}],"collection":[{"href":"https:\/\/bimanimacio.hu\/index.php\/wp-json\/wp\/v2\/pages"}],"about":[{"href":"https:\/\/bimanimacio.hu\/index.php\/wp-json\/wp\/v2\/types\/page"}],"author":[{"embeddable":true,"href":"https:\/\/bimanimacio.hu\/index.php\/wp-json\/wp\/v2\/users\/1"}],"replies":[{"embeddable":true,"href":"https:\/\/bimanimacio.hu\/index.php\/wp-json\/wp\/v2\/comments?post=10"}],"version-history":[{"count":115,"href":"https:\/\/bimanimacio.hu\/index.php\/wp-json\/wp\/v2\/pages\/10\/revisions"}],"predecessor-version":[{"id":179,"href":"https:\/\/bimanimacio.hu\/index.php\/wp-json\/wp\/v2\/pages\/10\/revisions\/179"}],"wp:attachment":[{"href":"https:\/\/bimanimacio.hu\/index.php\/wp-json\/wp\/v2\/media?parent=10"}],"curies":[{"name":"wp","href":"https:\/\/api.w.org\/{rel}","templated":true}]}}